{"id":892,"date":"2018-10-05T19:51:45","date_gmt":"2018-10-05T19:51:45","guid":{"rendered":"http:\/\/sebtrotter.wixsite.com\/sebtrotter\/chateau-de-la-brede-montesquieu"},"modified":"2018-10-05T19:51:45","modified_gmt":"2018-10-05T19:51:45","slug":"chateau-de-la-brede-montesquieu","status":"publish","type":"page","link":"https:\/\/sebtrotter.com\/?page_id=892","title":{"rendered":"Chateau de la Brede Montesquieu"},"content":{"rendered":"<h1>Chateau de la Brede Montesquieu<\/h1>\n\n<p>Construit \u00e0 partir du xive si\u00e8cle, le ch\u00e2teau de La Br\u00e8de est \u00e0 l&rsquo;origine un ch\u00e2teau fort de style gothique, entour\u00e9 dedouves en eau et pourvu d&rsquo;un syst\u00e8me d\u00e9fensif.<\/p>\n<p>Charles-Louis de Secondat, baron de Montesquieu, y est n\u00e9 le 18 janvier 1689. Il y a v\u00e9cu de mani\u00e8re r\u00e9guli\u00e8re toute sa vie et r\u00e9dig\u00e9 nombre de ses ouvrages, dont De l&rsquo;esprit des lois. Mais il y effectua aussi des transformations, notamment un jardin \u00e0 la fran\u00e7aise, actuellement en cours de restauration, et un jardin \u00e0 l&rsquo;anglaise.<\/p>\n<p>On peut y voir la chambre de Montesquieu, conserv\u00e9e dans son \u00e9tat du xviiie si\u00e8cle, et sa biblioth\u00e8que, dont les livres ont \u00e9t\u00e9 transf\u00e9r\u00e9s \u00e0 la biblioth\u00e8que municipale de Bordeaux.<\/p>\n<p>Le ch\u00e2teau a appartenu \u00e0 la m\u00eame famille, celle de Montesquieu, entre le xe si\u00e8cle et 2004, ann\u00e9e o\u00f9 mourut la comtesse Jacqueline de Chabannes (1912-2004), derni\u00e8re descendante directe de l&rsquo;\u00e9crivain (descendante de Denise, sa plus jeune fille), qui, en 1994, avait confi\u00e9 par dation \u00e0 la biblioth\u00e8que municipale de Bordeaux tous les ouvrages et documents en sa possession3. Depuis lors, le ch\u00e2teau est la propri\u00e9t\u00e9 d&rsquo;une fondation priv\u00e9e.<\/p>\n<p><a class=\"button\" role=\"button\" href=\"?p=1032\">Retour<\/a><\/p>\n","protected":false},"excerpt":{"rendered":"<p>Chateau de la Brede Montesquieu Construit \u00e0 partir du xive si\u00e8cle, le ch\u00e2teau de La Br\u00e8de est \u00e0 l&rsquo;origine un ch\u00e2teau fort de style gothique, entour\u00e9 dedouves en eau et pourvu d&rsquo;un syst\u00e8me d\u00e9fensif. Charles-Louis de Secondat, baron de Montesquieu, y est n\u00e9 le 18 janvier 1689. Il y a v\u00e9cu de mani\u00e8re r\u00e9guli\u00e8re toute [&hellip;]<\/p>\n","protected":false},"author":2,"featured_media":0,"parent":1032,"menu_order":0,"comment_status":"closed","ping_status":"closed","template":"","meta":[],"_links":{"self":[{"href":"https:\/\/sebtrotter.com\/index.php?rest_route=\/wp\/v2\/pages\/892"}],"collection":[{"href":"https:\/\/sebtrotter.com\/index.php?rest_route=\/wp\/v2\/pages"}],"about":[{"href":"https:\/\/sebtrotter.com\/index.php?rest_route=\/wp\/v2\/types\/page"}],"author":[{"embeddable":true,"href":"https:\/\/sebtrotter.com\/index.php?rest_route=\/wp\/v2\/users\/2"}],"replies":[{"embeddable":true,"href":"https:\/\/sebtrotter.com\/index.php?rest_route=%2Fwp%2Fv2%2Fcomments&post=892"}],"version-history":[{"count":0,"href":"https:\/\/sebtrotter.com\/index.php?rest_route=\/wp\/v2\/pages\/892\/revisions"}],"up":[{"embeddable":true,"href":"https:\/\/sebtrotter.com\/index.php?rest_route=\/wp\/v2\/pages\/1032"}],"wp:attachment":[{"href":"https:\/\/sebtrotter.com\/index.php?rest_route=%2Fwp%2Fv2%2Fmedia&parent=892"}],"curies":[{"name":"wp","href":"https:\/\/api.w.org\/{rel}","templated":true}]}}