{"id":872,"date":"2018-10-05T19:51:45","date_gmt":"2018-10-05T19:51:45","guid":{"rendered":"http:\/\/sebtrotter.wixsite.com\/sebtrotter\/le-clos-luc--l-onard-de-vinci"},"modified":"2018-10-05T19:51:45","modified_gmt":"2018-10-05T19:51:45","slug":"le-clos-luce-leonard-de-vinci","status":"publish","type":"page","link":"https:\/\/sebtrotter.com\/?page_id=872","title":{"rendered":"Le clos Luc\u00e9 L\u00e9onard de Vinci"},"content":{"rendered":"<h1><a href=\"http:\/\/www.vinci-closluce.com\" target=\"_blank\" rel=\"noopener noreferrer\">Chateau du Clos Luc\u00e9<\/a><\/h1>\n\n<p>Le ch\u00e2teau du Clos Luc\u00e9, appel\u00e9 autrefois le manoir du Cloux, est une demeure situ\u00e9e en France, dans le centre ville d&rsquo;Amboise au c\u0153ur du Val de Loire, Patrimoine mondial de l&rsquo;Unesco. C&rsquo;est l\u00e0 que L\u00e9onard de Vinci, invit\u00e9 par Fran\u00e7ois Ier, v\u00e9cut trois ans, de 1516 \u00e0 sa mort le 2 mai 1519. Il a \u00e9t\u00e9 construit en 1500.<\/p>\n<p>En tant que maison de L\u00e9onard de Vinci, il fait l\u2019objet d\u2019un classement au titre des monuments historiques par la liste de 18622.<\/p>\n<p>Le Ch\u00e2teau du Clos Luc\u00e9 est aujourd&rsquo;hui un lieu d&rsquo;interpr\u00e9tation, de connaissance et de synth\u00e8se qui a pour vocation de permettre au plus large public de d\u00e9couvrir l&rsquo;univers de L\u00e9onard de Vinci. On y d\u00e9couvre tout l&rsquo;univers de L\u00e9onard de Vinci. Il est situ\u00e9 dans le centre ville d&rsquo;Amboise.<\/p>\n<p><a class=\"button\" role=\"button\" href=\"?p=1032\">Retour<\/a><\/p>\n","protected":false},"excerpt":{"rendered":"<p>Chateau du Clos Luc\u00e9 Le ch\u00e2teau du Clos Luc\u00e9, appel\u00e9 autrefois le manoir du Cloux, est une demeure situ\u00e9e en France, dans le centre ville d&rsquo;Amboise au c\u0153ur du Val de Loire, Patrimoine mondial de l&rsquo;Unesco. C&rsquo;est l\u00e0 que L\u00e9onard de Vinci, invit\u00e9 par Fran\u00e7ois Ier, v\u00e9cut trois ans, de 1516 \u00e0 sa mort le [&hellip;]<\/p>\n","protected":false},"author":2,"featured_media":0,"parent":1032,"menu_order":0,"comment_status":"closed","ping_status":"closed","template":"","meta":[],"_links":{"self":[{"href":"https:\/\/sebtrotter.com\/index.php?rest_route=\/wp\/v2\/pages\/872"}],"collection":[{"href":"https:\/\/sebtrotter.com\/index.php?rest_route=\/wp\/v2\/pages"}],"about":[{"href":"https:\/\/sebtrotter.com\/index.php?rest_route=\/wp\/v2\/types\/page"}],"author":[{"embeddable":true,"href":"https:\/\/sebtrotter.com\/index.php?rest_route=\/wp\/v2\/users\/2"}],"replies":[{"embeddable":true,"href":"https:\/\/sebtrotter.com\/index.php?rest_route=%2Fwp%2Fv2%2Fcomments&post=872"}],"version-history":[{"count":0,"href":"https:\/\/sebtrotter.com\/index.php?rest_route=\/wp\/v2\/pages\/872\/revisions"}],"up":[{"embeddable":true,"href":"https:\/\/sebtrotter.com\/index.php?rest_route=\/wp\/v2\/pages\/1032"}],"wp:attachment":[{"href":"https:\/\/sebtrotter.com\/index.php?rest_route=%2Fwp%2Fv2%2Fmedia&parent=872"}],"curies":[{"name":"wp","href":"https:\/\/api.w.org\/{rel}","templated":true}]}}