{"id":772,"date":"2018-10-05T19:51:45","date_gmt":"2018-10-05T19:51:45","guid":{"rendered":"http:\/\/sebtrotter.wixsite.com\/sebtrotter\/chateau-de-chenonceau"},"modified":"2018-10-05T19:51:45","modified_gmt":"2018-10-05T19:51:45","slug":"chateau-de-chenonceau","status":"publish","type":"page","link":"https:\/\/sebtrotter.com\/?page_id=772","title":{"rendered":"Chateau de Chenonceau"},"content":{"rendered":"<h1><a href=\"http:\/\/www.chenonceau.com\" target=\"_blank\" rel=\"noopener noreferrer\">Chateau de Chenonceau<\/a><\/h1>\n\n<p>Le ch\u00e2teau de Chenonceau est situ\u00e9 dans la commune de Chenonceaux en Indre-et-Loire (France). Il fait partie des ch\u00e2teaux commun\u00e9ment appel\u00e9s les ch\u00e2teaux de la Loire.<\/p>\n<p>Chenonceau est construit, am\u00e9nag\u00e9 et transform\u00e9 par des femmes tr\u00e8s diff\u00e9rentes de par leur temp\u00e9rament. Il est \u00e9difi\u00e9 par Katherine Bri\u00e7onnet en 1513, enrichi par Diane de Poitiers et agrandi sous Catherine de M\u00e9dicis. Il devient un lieu de recueillement avec la reine blanche Louise de Lorraine, puis il est sauvegard\u00e9 par Louise Dupin au cours de laR\u00e9volution fran\u00e7aise et enfin, m\u00e9tamorphos\u00e9 par madame Pelouze. C&rsquo;est ainsi qu&rsquo;il est surnomm\u00e9 le ch\u00e2teau des Dames2, car \u00ab cette empreinte f\u00e9minine est partout pr\u00e9sente, le pr\u00e9servant des conflits et des guerres pour en faire depuis toujours un lieu de paix. Ch\u00e2teau meubl\u00e9, d\u00e9cor\u00e9 de rares tapisseries et peintures anciennes, c&rsquo;est le monument historique priv\u00e9 le plus visit\u00e9 de France, serti de plusieurs jardins d&rsquo;agr\u00e9ment, un parc et un domaine viticole \u00bb3,4.<\/p>\n<p>L&rsquo;ensemble du domaine accueille annuellement 850 000 visiteurs5. Le ch\u00e2teau est class\u00e9 au titre des monuments historiques depuis son inscription sur la liste de 1840 et le parc par arr\u00eat\u00e9 en date du 7 novembre 19626.<\/p>\n<p><a class=\"button\" role=\"button\" href=\"?p=1032\">Retour<\/a><\/p>\n","protected":false},"excerpt":{"rendered":"<p>Chateau de Chenonceau Le ch\u00e2teau de Chenonceau est situ\u00e9 dans la commune de Chenonceaux en Indre-et-Loire (France). Il fait partie des ch\u00e2teaux commun\u00e9ment appel\u00e9s les ch\u00e2teaux de la Loire. Chenonceau est construit, am\u00e9nag\u00e9 et transform\u00e9 par des femmes tr\u00e8s diff\u00e9rentes de par leur temp\u00e9rament. Il est \u00e9difi\u00e9 par Katherine Bri\u00e7onnet en 1513, enrichi par Diane [&hellip;]<\/p>\n","protected":false},"author":2,"featured_media":0,"parent":1032,"menu_order":0,"comment_status":"closed","ping_status":"closed","template":"","meta":[],"_links":{"self":[{"href":"https:\/\/sebtrotter.com\/index.php?rest_route=\/wp\/v2\/pages\/772"}],"collection":[{"href":"https:\/\/sebtrotter.com\/index.php?rest_route=\/wp\/v2\/pages"}],"about":[{"href":"https:\/\/sebtrotter.com\/index.php?rest_route=\/wp\/v2\/types\/page"}],"author":[{"embeddable":true,"href":"https:\/\/sebtrotter.com\/index.php?rest_route=\/wp\/v2\/users\/2"}],"replies":[{"embeddable":true,"href":"https:\/\/sebtrotter.com\/index.php?rest_route=%2Fwp%2Fv2%2Fcomments&post=772"}],"version-history":[{"count":0,"href":"https:\/\/sebtrotter.com\/index.php?rest_route=\/wp\/v2\/pages\/772\/revisions"}],"up":[{"embeddable":true,"href":"https:\/\/sebtrotter.com\/index.php?rest_route=\/wp\/v2\/pages\/1032"}],"wp:attachment":[{"href":"https:\/\/sebtrotter.com\/index.php?rest_route=%2Fwp%2Fv2%2Fmedia&parent=772"}],"curies":[{"name":"wp","href":"https:\/\/api.w.org\/{rel}","templated":true}]}}