{"id":662,"date":"2018-10-05T19:51:45","date_gmt":"2018-10-05T19:51:45","guid":{"rendered":"http:\/\/sebtrotter.wixsite.com\/sebtrotter\/chartreuse-de-valbonne"},"modified":"2018-10-05T19:51:45","modified_gmt":"2018-10-05T19:51:45","slug":"chartreuse-de-valbonne","status":"publish","type":"page","link":"https:\/\/sebtrotter.com\/?page_id=662","title":{"rendered":"Chartreuse de Valbonne"},"content":{"rendered":"<h2 style=\"font-size:38px;\"><span style=\"font-size:38px;\">CHARTREUSE DE VALBONNE<\/span><\/h2>\n<p>Sur la route entre Aubenas et Avignon, il existe un lieu un peu perdu \u00e0 212m d&rsquo;altitude, tranquille, qui respire la s\u00e9r\u00e9nit\u00e9.<\/p>\n<p>Ce lieu est <a rel=\"noopener noreferrer\" target=\"_blank\" href=\"http:\/\/www.chartreusedevalbonne-asvmt.com\">La Chartreuse de VALBONNE<\/a>.<\/p>\n<p>Elle fut fond\u00e9e en 1204 et abrita pendant pr\u00e9s de 7 si\u00e8cles une communaut\u00e9 de moines suivant la r\u00e8gle de ST BRUNO.<\/p>\n<p>Vous pouvez y d\u00e9couvrir le petit et le grand clo\u00eetre, une cellule de p\u00e8re chartreux, la chapelle.<\/p>\n<p>Il y a aussi un sentier botanique, et une multitude de chemin qui parte du pied de la chartreuse.<\/p>\n<p>Elle est malheureusement actuellement ferm\u00e9 jusqu&rsquo;au 28 fevrier 2017.<\/p>\n<p><a role=\"button\" class=\"button\" href=\"?p=122\">Retour<\/a><\/p>\n","protected":false},"excerpt":{"rendered":"<p>CHARTREUSE DE VALBONNE Sur la route entre Aubenas et Avignon, il existe un lieu un peu perdu \u00e0 212m d&rsquo;altitude, tranquille, qui respire la s\u00e9r\u00e9nit\u00e9. Ce lieu est La Chartreuse de VALBONNE. Elle fut fond\u00e9e en 1204 et abrita pendant pr\u00e9s de 7 si\u00e8cles une communaut\u00e9 de moines suivant la r\u00e8gle de ST BRUNO. Vous [&hellip;]<\/p>\n","protected":false},"author":2,"featured_media":0,"parent":0,"menu_order":0,"comment_status":"closed","ping_status":"closed","template":"","meta":[],"_links":{"self":[{"href":"https:\/\/sebtrotter.com\/index.php?rest_route=\/wp\/v2\/pages\/662"}],"collection":[{"href":"https:\/\/sebtrotter.com\/index.php?rest_route=\/wp\/v2\/pages"}],"about":[{"href":"https:\/\/sebtrotter.com\/index.php?rest_route=\/wp\/v2\/types\/page"}],"author":[{"embeddable":true,"href":"https:\/\/sebtrotter.com\/index.php?rest_route=\/wp\/v2\/users\/2"}],"replies":[{"embeddable":true,"href":"https:\/\/sebtrotter.com\/index.php?rest_route=%2Fwp%2Fv2%2Fcomments&post=662"}],"version-history":[{"count":0,"href":"https:\/\/sebtrotter.com\/index.php?rest_route=\/wp\/v2\/pages\/662\/revisions"}],"wp:attachment":[{"href":"https:\/\/sebtrotter.com\/index.php?rest_route=%2Fwp%2Fv2%2Fmedia&parent=662"}],"curies":[{"name":"wp","href":"https:\/\/api.w.org\/{rel}","templated":true}]}}