{"id":562,"date":"2018-10-05T19:51:45","date_gmt":"2018-10-05T19:51:45","guid":{"rendered":"http:\/\/sebtrotter.wixsite.com\/sebtrotter\/lyin"},"modified":"2018-10-05T19:51:45","modified_gmt":"2018-10-05T19:51:45","slug":"lyon","status":"publish","type":"page","link":"https:\/\/sebtrotter.com\/?page_id=562","title":{"rendered":"Lyon"},"content":{"rendered":"<h2>LYON<\/h2>\n<p><a rel=\"noopener noreferrer\" target=\"_blank\" href=\"https:\/\/www.flickr.com\/photos\/137159115@N08\/albums\/72157672589410691\">Toutes les photos \ud83d\ude09<\/a><\/p>\n<p>Lyon est une <a rel=\"noopener noreferrer\" target=\"_blank\" href=\"https:\/\/fr.wikipedia.org\/wiki\/Commune_(France)\">commune<\/a> situ\u00e9e dans le sud-est de la<a rel=\"noopener noreferrer\" target=\"_blank\" href=\"https:\/\/fr.wikipedia.org\/wiki\/France\">France<\/a>, au confluent du <a rel=\"noopener noreferrer\" target=\"_blank\" href=\"https:\/\/fr.wikipedia.org\/wiki\/Rh%C3%B4ne\">Rh\u00f4ne<\/a> et de la <a rel=\"noopener noreferrer\" target=\"_blank\" href=\"https:\/\/fr.wikipedia.org\/wiki\/Sa%C3%B4ne\">Sa\u00f4ne. 3\u00e8me commune de France avec plus de 500 000 habitants. <\/a><\/p>\n<p>C&rsquo;est une ville envoutante par son \u00e9nergie, ses monuments, son histoire. <\/p>\n<p>Voici un po\u00e8me de <a rel=\"noopener noreferrer\" target=\"_blank\" href=\"http:\/\/poesie.webnet.fr\/vospoemes\/poemes\/sylvain_blavet\/petite_visite_de_lyon.html\">Sylvain BLAVET:<\/a><\/p>\n<h1>Petite visite de Lyon<\/h1>\n<h1><\/h1>\n<p>Sans tarder, viens, partons, ma main sur ton \u00e9paule<br \/>\nEt allons visiter la capitale des Gaules<br \/>\nVoyons les bons c\u00f4t\u00e9s du plus poli des g\u00f4nes :<br \/>\nGuignol et son b\u00e2ton guident entre Rh\u00f4ne et Sa\u00f4ne<br \/>\nGnafron le vieil ivrogne, buveur de Beaujolais<br \/>\nPour manger une rosette dans un bouchon lyonnais<br \/>\nGo\u00fbter une andouillette, une quenelle, un J\u00e9sus<br \/>\nEt finir sans vergogne une cervelle de Canut.<\/p>\n<p>Du haut de la Croix-Rousse, Jacquard a sa statue<br \/>\nSes m\u00e9tiers \u00e0 tisser aujourd&rsquo;hui se sont tus<br \/>\nLeurs soieries ont cess\u00e9 toutes leurs activit\u00e9s<br \/>\nSouvenir sous la mousse des canuts r\u00e9volt\u00e9s<br \/>\nEmpruntons la pratique cr\u00e9maill\u00e8re du m\u00e9tro<br \/>\nJusqu&rsquo;\u00e0 l&rsquo;H\u00f4tel de Ville et la place des Terreaux.<br \/>\nDes boutiques de tout style, l&rsquo;op\u00e9ra, les s\u00e9jours<br \/>\nJalonnent la R\u00e9publique jusqu&rsquo;\u00e0 la place Bellecour<br \/>\nO\u00f9 sur un socle en pierre se tient un cavalier<br \/>\nLouis XIV en romain, d\u00e9pourvu d&rsquo;\u00e9triers.<br \/>\nReprenons le chemin du Vieux-Lyon \u00e0 pr\u00e9sent<br \/>\nEt montons \u00e0 Fourvi\u00e8re en passant par Saint-Jean<br \/>\nPar le funiculaire joignons la Basilique<br \/>\nL\u00e0, allumons un cierge devant une mosa\u00efque<br \/>\nConsacr\u00e9e \u00e0 la Vierge puis regardons la ville<br \/>\nLa soir\u00e9e des lumi\u00e8res par del\u00e0 la presqu&rsquo;\u00eele<br \/>\nDescendons la colline en simple p\u00e9nitents<br \/>\nMais \u00e9vitons la foule comme les vieux r\u00e9sistants<br \/>\nEn prenant les traboules qui passent au Vieux-Lyon<br \/>\nUne brioche aux pralines et voyons le crayon<br \/>\nDu Cr\u00e9dit Lyonnais qui pointe vers Part-Dieu<br \/>\nSa gare et ses commerces, sa mine sur les cieux<br \/>\nCe son, qui bouge et berce, sort de l&rsquo;auditorium<br \/>\nMais est-ce qu&rsquo;on conna\u00eet vraiment tout Lugdunum<br \/>\nSi l&rsquo;on n&rsquo;a pas tourn\u00e9 au Parc de la T\u00eate d&rsquo;Or ?<br \/>\nVu les trams, les mus\u00e9es, le P4 et encore<br \/>\nBien s\u00fbr encourager, emport\u00e9 par l&rsquo;\u00e9lan<br \/>\nL&rsquo;Olympique Lyonnais au stade de Gerland.<br \/>\nEt puisqu&rsquo;il faut partir prend donc un peu de soie,<br \/>\nUn saucisson et sache en retournant chez toi<br \/>\nDe la gare de Perrache, passer par la fen\u00eatre<br \/>\nUne main en souvenir d&rsquo;une dr\u00f4le de marionnette.<\/p>\n<h6><a rel=\"noopener noreferrer\" target=\"_blank\" href=\"http:\/\/www.fourviere.org\">Basilique de Notre Dame de Fourvi\u00e8re:<\/a><\/h6>\n<p>A pied ou par le t\u00e9l\u00e9ph\u00e9rique la Basilique de Notre Dame de Fourvi\u00e8re vous accueille de toute sa splendeur. Une vue de Lyon magnifique vous ravira avant de traverser l&rsquo;esplanade pour rentrer dans la Basilique. <\/p>\n<p>Mais avant de visiter ce monument il faut se souvenir que Fourvi\u00e8re est la colline qui domine le centre de <a rel=\"noopener noreferrer\" target=\"_blank\" href=\"https:\/\/fr.wikipedia.org\/wiki\/Lyon\">Lyon<\/a>. Surnomm\u00e9e la \u00ab montagne mystique \u00bb par <a rel=\"noopener noreferrer\" target=\"_blank\" href=\"https:\/\/fr.wikipedia.org\/wiki\/Jules_Michelet\">Jules Michelet<\/a>, elle est le plus ancien lieu d&rsquo;occupation de <a rel=\"noopener noreferrer\" target=\"_blank\" href=\"https:\/\/fr.wikipedia.org\/wiki\/Lyon\">Lyon<\/a>, comme lieu de fondation de la ville romaine de <a rel=\"noopener noreferrer\" target=\"_blank\" href=\"https:\/\/fr.wikipedia.org\/wiki\/Lugdunum\">Lugdunum<\/a> sur le site d&rsquo;un sanctuaire gaulois ant\u00e9rieur d\u00e9di\u00e9 au dieu <a rel=\"noopener noreferrer\" target=\"_blank\" href=\"https:\/\/fr.wikipedia.org\/wiki\/Lug_(dieu)\">Lug<\/a> (Lugdunum signifiant \u00ab\u00a0colline de Lug\u00a0\u00bb).<\/p>\n<p><img loading=\"lazy\" height=\"327\" width=\"937\" src=\"https:\/\/sebtrotter.wpcomstaging.com\/wp-content\/uploads\/2018\/10\/a4721-2cb517_59d21095b9ca48f280875c641a4d4a86mv2_d_8952_3134_s_4_2.jpg\"><br \/>\n<img loading=\"lazy\" height=\"450\" width=\"600\" src=\"https:\/\/sebtrotter.wpcomstaging.com\/wp-content\/uploads\/2018\/10\/64395-2cb517_6e6c85f15f9c4d95996688066de6a6famv2_d_3264_2448_s_4_2.jpg\"><br \/>\n<img loading=\"lazy\" height=\"800\" width=\"600\" src=\"https:\/\/sebtrotter.wpcomstaging.com\/wp-content\/uploads\/2018\/10\/ecc0e-2cb517_c7756b0f11d047248136c4bed24376eemv2_d_2448_3264_s_4_2.jpg\"><\/p>\n<h6><a rel=\"noopener noreferrer\" target=\"_blank\" href=\"http:\/\/cathedrale-lyon.cef.fr\">Cath\u00e9drale  St Jean Baptiste:<\/a><\/h6>\n<p>La primatiale Saint-Jean-Baptiste-et-Saint-\u00c9tienne (dite aussi, plus simplement, cath\u00e9drale Saint-Jean) est le si\u00e8ge \u00e9piscopal de l&rsquo;<a rel=\"noopener noreferrer\" target=\"_blank\" href=\"https:\/\/fr.wikipedia.org\/wiki\/Archidioc%C3%A8se_de_Lyon\">archidioc\u00e8se de Lyon<\/a>. Elle a rang de <a rel=\"noopener noreferrer\" target=\"_blank\" href=\"https:\/\/fr.wikipedia.org\/wiki\/Cath%C3%A9drale\">cath\u00e9drale<\/a> et de <a rel=\"noopener noreferrer\" target=\"_blank\" href=\"https:\/\/fr.wikipedia.org\/wiki\/Primatie\">primatiale<\/a> : l&rsquo;<a rel=\"noopener noreferrer\" target=\"_blank\" href=\"https:\/\/fr.wikipedia.org\/wiki\/Liste_des_%C3%A9v%C3%AAques_et_archev%C3%AAques_de_Lyon\">archev\u00eaque de Lyon<\/a> a le titre de <a rel=\"noopener noreferrer\" target=\"_blank\" href=\"https:\/\/fr.wikipedia.org\/wiki\/Primat_des_Gaules\">Primat des Gaules<\/a> ; le titulaire depuis 2002 est Mgr <a rel=\"noopener noreferrer\" target=\"_blank\" href=\"https:\/\/fr.wikipedia.org\/wiki\/Philippe_Barbarin\">Philippe Barbarin<\/a>.<\/p>\n<p>Elle est situ\u00e9e dans le <a rel=\"noopener noreferrer\" target=\"_blank\" href=\"https:\/\/fr.wikipedia.org\/wiki\/5e_arrondissement_de_Lyon\">cinqui\u00e8me arrondissement de Lyon<\/a>, au c\u0153ur du quartier m\u00e9di\u00e9val et <a rel=\"noopener noreferrer\" target=\"_blank\" href=\"https:\/\/fr.wikipedia.org\/wiki\/Architecture_de_la_Renaissance\">Renaissance<\/a> du <a rel=\"noopener noreferrer\" target=\"_blank\" href=\"https:\/\/fr.wikipedia.org\/wiki\/Vieux_Lyon\">Vieux Lyon<\/a>, dont elle est un des \u00e9l\u00e9ments marquants. Au Moyen \u00c2ge, elle faisait partie d&rsquo;un complexe d&rsquo;\u00e9glises et d&rsquo;autres b\u00e2timents eccl\u00e9siaux, le <a rel=\"noopener noreferrer\" target=\"_blank\" href=\"https:\/\/fr.wikipedia.org\/wiki\/Groupe_cath%C3%A9dral_de_Lyon\">groupe cath\u00e9dral<\/a>, qui comprenait entre autres les \u00e9glises <a rel=\"noopener noreferrer\" target=\"_blank\" href=\"https:\/\/fr.wikipedia.org\/wiki\/%C3%89glise_Saint-%C3%89tienne_de_Lyon\">Saint-\u00c9tienne<\/a> et <a rel=\"noopener noreferrer\" target=\"_blank\" href=\"https:\/\/fr.wikipedia.org\/wiki\/Ancienne_%C3%A9glise_Sainte-Croix_de_Lyon\">Sainte-Croix<\/a>, d\u00e9truites \u00e0 la R\u00e9volution, ainsi que l&rsquo;actuelle <a rel=\"noopener noreferrer\" target=\"_blank\" href=\"https:\/\/fr.wikipedia.org\/wiki\/Man%C3%A9canterie_(Lyon)\">man\u00e9canterie<\/a>.<\/p>\n<p>Au pied de Fourvi\u00e8re vous pourrez vous reposez sur son parvis avanyt d&rsquo;attaquer le chemin pour monter jusqu&rsquo;\u00e0 la Basilique.<\/p>\n<p><img loading=\"lazy\" height=\"800\" width=\"600\" src=\"https:\/\/sebtrotter.wpcomstaging.com\/wp-content\/uploads\/2018\/10\/e87e0-2cb517_380ee386697f401c8d544d5de990aaebmv2_d_2448_3264_s_4_2.jpg\"><br \/>\n<img loading=\"lazy\" height=\"800\" width=\"600\" src=\"https:\/\/sebtrotter.wpcomstaging.com\/wp-content\/uploads\/2018\/10\/43d19-2cb517_fcc5894d44104463a3f37e3bdad43d74mv2_d_2448_3264_s_4_2.jpg\"><\/p>\n<h6><a rel=\"noopener noreferrer\" target=\"_blank\" href=\"http:\/\/www.saint-bonaventure.fr\">Eglise Bonaventure: <\/a><\/h6>\n<h6><\/h6>\n<p>L&rsquo;\u00e9glise Saint-Bonaventure est l&rsquo;une des <a rel=\"noopener noreferrer\" target=\"_blank\" href=\"https:\/\/fr.wikipedia.org\/wiki\/%C3%89glise_(%C3%A9difice)\">\u00e9glises<\/a> <a rel=\"noopener noreferrer\" target=\"_blank\" href=\"https:\/\/fr.wikipedia.org\/wiki\/Lyon\">lyonnaises<\/a> de la <a rel=\"noopener noreferrer\" target=\"_blank\" href=\"https:\/\/fr.wikipedia.org\/wiki\/Presqu%27%C3%AEle_(Lyon)\">presqu&rsquo;\u00eele<\/a>, situ\u00e9e sur la <a rel=\"noopener noreferrer\" target=\"_blank\" href=\"https:\/\/fr.wikipedia.org\/wiki\/Les_Cordeliers_(Lyon)\">place des Cordeliers<\/a>. C&rsquo;est le seul \u00e9difice m\u00e9di\u00e9val qui reste en place apr\u00e8s les travaux de perc\u00e9e de la rue Imp\u00e9riale (aujourd&rsquo;hui <a rel=\"noopener noreferrer\" target=\"_blank\" href=\"https:\/\/fr.wikipedia.org\/wiki\/Rue_de_la_R%C3%A9publique_(Lyon)\">rue de la R\u00e9publique<\/a>), sous le <a rel=\"noopener noreferrer\" target=\"_blank\" href=\"https:\/\/fr.wikipedia.org\/wiki\/Second_Empire\">second Empire<\/a> par le <a rel=\"noopener noreferrer\" target=\"_blank\" href=\"https:\/\/fr.wikipedia.org\/wiki\/Claude-Marius_Va%C3%AFsse\">pr\u00e9fet Va\u00efsse<\/a>.<\/p>\n<p><img loading=\"lazy\" height=\"800\" width=\"600\" src=\"https:\/\/sebtrotter.wpcomstaging.com\/wp-content\/uploads\/2018\/10\/d357c-2cb517_e31a96b6aa7048ff9309e814ad4134c7mv2_d_2448_3264_s_4_2.jpg\"><br \/>\n<img loading=\"lazy\" height=\"800\" width=\"600\" src=\"https:\/\/sebtrotter.wpcomstaging.com\/wp-content\/uploads\/2018\/10\/c6558-2cb517_4714ed446cc24edfac8bf7c2c68faa41mv2_d_2448_3264_s_4_2.jpg\"><\/p>\n<h6><a rel=\"noopener noreferrer\" target=\"_blank\" href=\"http:\/\/www.lyon.fr\/lieu\/lieux-danimation\/parc-de-la-tete-dor.html\">Parc de la t\u00eate d&rsquo;or: <\/a><\/h6>\n<p>Le parc de la T\u00eate d&rsquo;Or est un parc urbain de <a rel=\"noopener noreferrer\" target=\"_blank\" href=\"https:\/\/fr.wikipedia.org\/wiki\/Lyon\">Lyon<\/a>, l&rsquo;un des plus grands de <a rel=\"noopener noreferrer\" target=\"_blank\" href=\"https:\/\/fr.wikipedia.org\/wiki\/France\">France<\/a>. \u0152uvre des fr\u00e8res <a rel=\"noopener noreferrer\" target=\"_blank\" href=\"https:\/\/fr.wikipedia.org\/wiki\/Denis_et_Eug%C3%A8ne_B%C3%BChler\">Denis et Eug\u00e8ne B\u00fchler<\/a>, le parc est ouvert d\u00e8s <a rel=\"noopener noreferrer\" target=\"_blank\" href=\"https:\/\/fr.wikipedia.org\/wiki\/1857\">1857<\/a><a rel=\"noopener noreferrer\" target=\"_blank\" href=\"https:\/\/fr.wikipedia.org\/wiki\/Parc_de_la_T%C3%AAte_d%27Or#cite_note-2\">2<\/a> alors que les travaux ne sont pas achev\u00e9s. Il est exactement contemporain du <a rel=\"noopener noreferrer\" target=\"_blank\" href=\"https:\/\/fr.wikipedia.org\/wiki\/Central_Park\">Central Park<\/a> de <a rel=\"noopener noreferrer\" target=\"_blank\" href=\"https:\/\/fr.wikipedia.org\/wiki\/New_York\">New York<\/a>, cr\u00e9\u00e9 la m\u00eame ann\u00e9e.<\/p>\n<p>Le parc est enrichi de nombreux b\u00e2timents comme les grandes serres en <a rel=\"noopener noreferrer\" target=\"_blank\" href=\"https:\/\/fr.wikipedia.org\/wiki\/1865\">1865<\/a>, le v\u00e9lodrome, le chalet des gardes et le chalet en <a rel=\"noopener noreferrer\" target=\"_blank\" href=\"https:\/\/fr.wikipedia.org\/wiki\/1894\">1894<\/a>, la cl\u00f4ture en <a rel=\"noopener noreferrer\" target=\"_blank\" href=\"https:\/\/fr.wikipedia.org\/wiki\/1896\">1896<\/a>, les serres de collection en <a rel=\"noopener noreferrer\" target=\"_blank\" href=\"https:\/\/fr.wikipedia.org\/wiki\/1899\">1899<\/a>, le monument aux morts de l&rsquo;\u00eele aux Cygnes entre <a rel=\"noopener noreferrer\" target=\"_blank\" href=\"https:\/\/fr.wikipedia.org\/wiki\/1914\">1914<\/a> et <a rel=\"noopener noreferrer\" target=\"_blank\" href=\"https:\/\/fr.wikipedia.org\/wiki\/1930\">1930<\/a> ou encore la nouvelle roseraie entre <a rel=\"noopener noreferrer\" target=\"_blank\" href=\"https:\/\/fr.wikipedia.org\/wiki\/1961\">1961<\/a> et <a rel=\"noopener noreferrer\" target=\"_blank\" href=\"https:\/\/fr.wikipedia.org\/wiki\/1964\">1964<\/a><a rel=\"noopener noreferrer\" target=\"_blank\" href=\"https:\/\/fr.wikipedia.org\/wiki\/Parc_de_la_T%C3%AAte_d%27Or#cite_note-3\">3<\/a>.<\/p>\n<p>Aujourd&rsquo;hui g\u00e9r\u00e9 par la ville de Lyon et v\u00e9ritable poumon de l&rsquo;agglom\u00e9ration, le parc offre sur 117 hectares une vaste \u00e9tendue naturelle au c\u0153ur de la cit\u00e9. On y acc\u00e8de par huit entr\u00e9es, la derni\u00e8re ayant \u00e9t\u00e9 ouverte en 2009, au niveau de l&rsquo;esplanade de la Cit\u00e9 Internationale.<\/p>\n<p>Des \u00e9v\u00e9nements divers, films, th\u00e9\u00e2tre, expositions ou autre en font un haut lieu de la culture lyonnaise. Le <a rel=\"noopener noreferrer\" target=\"_blank\" href=\"https:\/\/fr.wikipedia.org\/wiki\/Jardin_zoologique_de_Lyon\">jardin zoologique de Lyon<\/a> prend place en son sein.<\/p>\n<p><img loading=\"lazy\" height=\"450\" width=\"600\" src=\"https:\/\/sebtrotter.wpcomstaging.com\/wp-content\/uploads\/2018\/10\/87781-2cb517_3429b255187f48e382c63ced4d55f000.jpg\"><br \/>\n<img loading=\"lazy\" height=\"450\" width=\"600\" src=\"https:\/\/sebtrotter.wpcomstaging.com\/wp-content\/uploads\/2018\/10\/0db0c-2cb517_2facbd82a8b0497880e63105d8d6388b.jpg\"><br \/>\n<img loading=\"lazy\" height=\"450\" width=\"600\" src=\"https:\/\/sebtrotter.wpcomstaging.com\/wp-content\/uploads\/2018\/10\/ecd86-2cb517_01ae177ad34540bebf47b7fae8e67549.jpg\"><br \/>\n<a role=\"button\" class=\"button\" href=\"?p=1032\">Retour<\/a><\/p>\n","protected":false},"excerpt":{"rendered":"<p>LYON Toutes les photos \ud83d\ude09 Lyon est une commune situ\u00e9e dans le sud-est de laFrance, au confluent du Rh\u00f4ne et de la Sa\u00f4ne. 3\u00e8me commune de France avec plus de 500 000 habitants. C&rsquo;est une ville envoutante par son \u00e9nergie, ses monuments, son histoire. Voici un po\u00e8me de Sylvain BLAVET: Petite visite de Lyon Sans [&hellip;]<\/p>\n","protected":false},"author":2,"featured_media":0,"parent":0,"menu_order":0,"comment_status":"closed","ping_status":"closed","template":"","meta":[],"_links":{"self":[{"href":"https:\/\/sebtrotter.com\/index.php?rest_route=\/wp\/v2\/pages\/562"}],"collection":[{"href":"https:\/\/sebtrotter.com\/index.php?rest_route=\/wp\/v2\/pages"}],"about":[{"href":"https:\/\/sebtrotter.com\/index.php?rest_route=\/wp\/v2\/types\/page"}],"author":[{"embeddable":true,"href":"https:\/\/sebtrotter.com\/index.php?rest_route=\/wp\/v2\/users\/2"}],"replies":[{"embeddable":true,"href":"https:\/\/sebtrotter.com\/index.php?rest_route=%2Fwp%2Fv2%2Fcomments&post=562"}],"version-history":[{"count":0,"href":"https:\/\/sebtrotter.com\/index.php?rest_route=\/wp\/v2\/pages\/562\/revisions"}],"wp:attachment":[{"href":"https:\/\/sebtrotter.com\/index.php?rest_route=%2Fwp%2Fv2%2Fmedia&parent=562"}],"curies":[{"name":"wp","href":"https:\/\/api.w.org\/{rel}","templated":true}]}}