{"id":322,"date":"2018-10-05T19:51:45","date_gmt":"2018-10-05T19:51:45","guid":{"rendered":"http:\/\/sebtrotter.wixsite.com\/sebtrotter\/berlin"},"modified":"2018-10-05T19:51:45","modified_gmt":"2018-10-05T19:51:45","slug":"dublin","status":"publish","type":"page","link":"https:\/\/sebtrotter.com\/?page_id=322","title":{"rendered":"Dublin"},"content":{"rendered":"<h1>DUBLIN<\/h1>\n<h6><a rel=\"noopener noreferrer\" target=\"_blank\" href=\"https:\/\/www.flickr.com\/gp\/137159115@N08\/6YXuBm\">Lien pour les photos<\/a><\/h6>\n<p>D\u00e9part Pour Dublin !<\/p>\n<p>Pour cela passage oblig\u00e9 \u00e0 Paris afin de prendre le premier avion le lendemain.<\/p>\n<p>Cette fois j\u2019ai opt\u00e9 pour une auberge de jeunesse \u00e0 Arty. Chambre de 4 avec salle de bain et wc, pour 25\u20ac. Bon rapport qualit\u00e9 prix.<\/p>\n<p>Le lendemain matin 4h45 prise d\u2019un UBER (35\u20ac) pour l\u2019a\u00e9roport Orly puis vol avec Transavia pour DUBLIN (45\u20ac\u2026 )<\/p>\n<p>Arriv\u00e9 sur le sol Irlandais \u00e0 7h20, et oui il faut enlever une heure, je me suis pr\u00e9cipit\u00e9 dans le bus 747 qui desserre le centre ville. (6\u20ac le billet ou 10\u20ac l\u2019aller retour)<\/p>\n<p>De la petite marche matinal, jusqu&rsquo;\u00e0 south richmond street chez Joana  qui vous accueille des 9h avec le grand sourire et vous d\u00e9voile une chambre rien que pour vous avec un grand lit, armoire commode. Tr\u00e8s sympa.<\/p>\n<p>Apr\u00e8s avoir rang\u00e9 mes affaires me voil\u00e0 partie avec mon guide \u00ab un grand week end \u00e0 Dublin \u00bb en poche.<\/p>\n<p>R\u00e9alis\u00e9 par quartier ce guide est tr\u00e8s bien fait.<\/p>\n<p>J\u2019ai donc pu commencer \u00e0 sillonner le centre ville et tout d\u2019abord :<\/p>\n<p>Par St stephen\u2019s Green, un parc de 9 hectares qui est le rendez vous des dublinois, avec son petits lac et ses espaces de pelouse tout est fait pour y \u00eatre bien.<\/p>\n<p>En remontant, je suis pass\u00e9 devant la maison du maire (mansion House)  et je suis entr\u00e9 dans St Ann\u2019s church ou nous pouvons voir des pains rassis au fond \u00e0 gauche sur une \u00e9tag\u00e8re car la coutume veut que 120 pains soient d\u00e9pos\u00e9s chaque semaine et que quiquonque puisse se servir sans crainte d\u2019\u00eatre questionn\u00e9.<\/p>\n<p>En continuant la rue et en prenant \u00e0 gauche nous tombons sur la fameuse Molly malone, personnage d\u2019une chanson populaire qui \u00e0 trouv\u00e9 une gloire inattendue de ce cot\u00e9 de l\u2019Irlande et dans le monde.<\/p>\n<p><img loading=\"lazy\" height=\"450\" width=\"600\" src=\"https:\/\/sebtrotter.wpcomstaging.com\/wp-content\/uploads\/2018\/10\/3b405-2cb517_c39af8c876024cf5af2260cfc0b9cac6mv2_d_4608_3456_s_4_2.jpg\"><\/p>\n<p>En redescendent l\u00e9g\u00e8rement nous traversons george\u2019s street Arcade, avec ses \u00e9chopes bon march\u00e9 qui ressemble \u00e0 un march\u00e9 aux puces<\/p>\n<p>En descendant encore nous pouvons visiter Whitefriar Street Church qui est l\u2019\u00e9glise la plus populaire de Dublin.<\/p>\n<p>En entrant vous long\u00e9 un corridor ou sur votre droite il y a la fontaine de st Albert de sicile o\u00f9 nous pouvons nous d\u00e9salt\u00e9rer.<\/p>\n<p>En entrant dans l\u2019\u00e9glise sur votre gauche vous verrez la reconstitution de la grotte de Lourde et pour les amoureux plus loin sur la droite les reliques de St Valentin.<\/p>\n<p>En ressortant n\u2019oubliez pas d\u2019admirer la vierge et l\u2019enfant en bois, v\u00e9ritable tr\u00e9sor de l\u2019\u00e9glise car la statue \u00e0 v\u00e9ritablement surv\u00e9cu aux actes iconoclastes de la R\u00e9forme.<\/p>\n<p>Une petite \u00e9glise, sous la forme d\u2019une grange se cahe sur st stephen street, au niveau de Newman University church richement d\u00e9cor\u00e9e de peinture et de marbre de couleur.<\/p>\n<p>Allons se ballader maintenant du cot\u00e9 de trinity coll\u00e8ge.<\/p>\n<p>En face de la banque d\u2019Irlande il faut rentrer par le porche pour acceder \u00e0 une grande et belle esplanade. Apr\u00e8s avoir virvot\u00e9 \u00e0 l\u2019int\u00e9rieur, d\u00e9placez vous sur la droite, le batiment tout en longueur accueille la magnifique biblioth\u00e8que \u00ab Old Library \u00bb 11\u20ac pour les adultes, elle permet de visiter une pr\u00e9sentation des livres les plus anciens et nous pouvons m\u00eame voir the book of Kells un tr\u00e9sor de l\u2019humanit\u00e9.<\/p>\n<p>Vous d\u00e9couvrirez aussi l\u2019immense salle, de 65m de long et 15m de haut avec tous ses rayonnages de vieux livre.<\/p>\n<p>Et au milieu une harpe, mais pas n\u2019importe laquelle ! La harpe du XV\u00e8me si\u00e8cle qui est le symbole du pays.<\/p>\n<p>Si vous continu\u00e9 dans le m\u00eame sens en tirant sur la gauche vous tomberez sur la Gallerie des sciences. Gratuite, elle propose des ateliers.<\/p>\n<p>Rapprochons nous maintenant de l\u2019hyper centre de Dublin : Le Temple Bar. Quartier anim\u00e9 et d\u00e9cor\u00e9 vous pourrez y boire une ou m\u00eame quantit\u00e9 de pinte et vous y restaurer.<\/p>\n<p>2 places \u00e0 not\u00e9, Temple bar square et Meeting house square.<\/p>\n<p>Lev\u00e9 le nez de beau Tag sont \u00e0 observer un peu partout.<\/p>\n<p>En remontant vous tomberez sur la Liffey et vous pourrez l\u2019enjamb\u00e9 en prenant la passerelle Ha\u2019penny. Qui tire son nom du montant qu\u2019il fallait payer jusqu\u2019en 1919 pour pouvoir l\u2019emprunter.<\/p>\n<p>Si vous continuez \u00e0 monter au Nord vous tomberez sur O\u2019Connell street.<\/p>\n<p>Vous passerez le O\u2019Connel Bridge<\/p>\n<p>Puis vous verrez le O\u2019Connell Monument \u00e0 la gloire du lib\u00e9rateur de l\u2019Irlande.<\/p>\n<p>L\u2019avenue se d\u00e9roule avec la statue de James Larkin juste devant The Spire cette immense aiguille pointant dans le ciel \u00e9rig\u00e9 en 2003 en lieu et place de la colonne Nelson construite en 1808 et dynamit\u00e9 en 1896 par l\u2019IRA.<\/p>\n<p>En prenant \u00e0 droite vous pourrez tomber sur un magnifique petit jardin \u00ab Garden of Remembrance \u00bb d\u00e9di\u00e9 \u00e0 tous ceux qui ont donn\u00e9 leurs vie pour la libert\u00e9 de l\u2019Irlande.<\/p>\n<p>En longent la Liffey direction le port vous passerez \u00e0 cot\u00e9 du monument \u00e0 la m\u00e9moire des morts de la grande famine.<\/p>\n<p>Du Jeanie Johnston, 3 mats qui transporta 2500 migrants Irlandais fuyant la famine au Qu\u00e9bec.<\/p>\n<p>En traversant et en continuant toujours vers l\u2019est vous pourrez voir l\u2019Aviva stadium mais la on commence \u00e0 \u00eatre bien loin et il faudrait penser \u00e0 rentrer\u2026<\/p>\n<p>Alors vous pouvez suivre Mespil Road Haddington jusqu\u2019au croisement avec Baggot street. La vous remonter en passant par dessus le magnifique Canal.<\/p>\n<p>Vous arriverez \u00e0 l\u2019angle de Merrion Street ou vous verrez sur votre droite Merrion square.<\/p>\n<p>Un petit espace de verdure pour vous reposer. Mais n\u2019oubliez pas d\u2019admirer la magnifique statue d\u2019Oscar Wilde nonchalamment allong\u00e9 sur un roch\u00e9 \u00e0 l\u2019angle Nord Ouest.<\/p>\n<p>Apr\u00e8s une journ\u00e9e comme celle ci, il est bien temps de prendre une douche, d\u2019enfiler une tenue pour aller boire une bonne Guiness dans un bon pub J<\/p>\n<p>La soir\u00e9e fut bonne au Temple Bar, avec Guiness et musique Irlandaise.<\/p>\n<p>Apr\u00e8s une bonne nuit il  est temps de repartir silloner la ville.<\/p>\n<p>Je vais commencer cette journ\u00e9e par la visite de Christ Church Cathedral (6\u20ac). Elle vaut absolument le d\u00e9tour. Ne serait ce que pour sa magnifique crypte, immense avec ses tr\u00e9sors cach\u00e9s.<\/p>\n<p>A quelques centaines de m\u00e8tre \u00e0 l\u2019ouest se trouve St Audoen\u2019s Church, gratuite c\u2019est la plus ancienne \u00e9glise m\u00e9di\u00e9val de Dublin.<\/p>\n<p>Et \u00e0 quelques centaines de m\u00e8tre \u00e0 l\u2019est se dresse Dublin castle. Il ne reste plus rien du ch\u00e2teau mais la cours int\u00e9rieur (gratuite) est belle et vous pouvez visiter les State Appartment qui valent le cout.<\/p>\n<p>Juste en sortant du ch\u00e2teau sur la droite il y a le city hall o\u00f9 eu lieu les fun\u00e9railles de deux h\u00e9ros de la r\u00e9sistance irlandaise.<\/p>\n<p>En redescendant dans la ville vous vous arr\u00eaterez \u00e0 St Patrick\u2019s cath\u00e9dral (6\u20ac) et vous pourrez vous d\u00e9tendre dans le square St Patrick\u2019s parc attenant .<\/p>\n<p>De belle statue y sont expos\u00e9, Son doyen le plus c\u00e9l\u00e8bre est Jonathan Swift (auteur des Voyages de Gulliver)<\/p>\n<p>En sortant de la cath\u00e9dral long\u00e9 la cloture par la gauche pour arriver \u00e0 Marsh\u2019s library (3\u20ac) c\u2019est laplus ancienne biblioth\u00e8que d\u2019Irlande. Construit en 1701, 25000 imprim\u00e9 et 300 manuscrit sommeillent dans des \u00e9tag\u00e8re en ch\u00eane viellent de 300 ans<\/p>\n<p>En remontant vous pourrez visiter John\u2019s lane church \u00e9glise au dimension de cath\u00e9dral.<\/p>\n<p>Apr\u00e8s toute cette marche vous pouvez allez vous pr\u00e9lacer dans le Phoenix Parc ou un immense ob\u00e9lisque c\u00e9l\u00e8bre la d\u00e9faite de Napol\u00e9on \u00e0 Waterloo\u2026<\/p>\n<p>Dans le parc vous pourrez emmener votre enfant au Zoological Garden, immense zoo tr\u00e8s nature.<\/p>\n<p>Et pour une visite patriotique Arbour Hill cemetry cach\u00e9 deri\u00e8re l\u2019\u00e9glise du sacr\u00e9 c\u0153ur et la prison de Arbour Hill est un lieu \u00e9mouvant. C\u2019est ici que furent enterr\u00e9 en 1916 les signataire de la proclamation de l\u2019ind\u00e9pendance.<\/p>\n<p><img loading=\"lazy\" height=\"800\" width=\"600\" src=\"https:\/\/sebtrotter.wpcomstaging.com\/wp-content\/uploads\/2018\/10\/2162a-2cb517_b4423e19b8ee434988a81e221ad216femv2_d_3456_4608_s_4_2.jpg\"><br \/>\n<img loading=\"lazy\" height=\"800\" width=\"600\" src=\"https:\/\/sebtrotter.wpcomstaging.com\/wp-content\/uploads\/2018\/10\/47cca-2cb517_85dd7a4c3c05409bb7b46e04c2e53697mv2_d_3456_4608_s_4_2.jpg\"><br \/>\n<img loading=\"lazy\" height=\"450\" width=\"600\" src=\"https:\/\/sebtrotter.wpcomstaging.com\/wp-content\/uploads\/2018\/10\/20a84-2cb517_2e1457f5135f428d8d2e7d2eaa2966ddmv2_d_4608_3456_s_4_2.jpg\"><br \/>\n<img loading=\"lazy\" height=\"450\" width=\"600\" src=\"https:\/\/sebtrotter.wpcomstaging.com\/wp-content\/uploads\/2018\/10\/b9b68-2cb517_a9c8af61dc3443beace8a9685d24edddmv2_d_4608_3456_s_4_2.jpg\"><br \/>\n<img loading=\"lazy\" height=\"450\" width=\"600\" src=\"https:\/\/sebtrotter.wpcomstaging.com\/wp-content\/uploads\/2018\/10\/550a5-2cb517_69f478cc091c482db62f25994577bb6bmv2_d_3264_2448_s_4_2.jpg\"><\/p>\n","protected":false},"excerpt":{"rendered":"<p>DUBLIN Lien pour les photos D\u00e9part Pour Dublin ! Pour cela passage oblig\u00e9 \u00e0 Paris afin de prendre le premier avion le lendemain. Cette fois j\u2019ai opt\u00e9 pour une auberge de jeunesse \u00e0 Arty. Chambre de 4 avec salle de bain et wc, pour 25\u20ac. Bon rapport qualit\u00e9 prix. Le lendemain matin 4h45 prise d\u2019un [&hellip;]<\/p>\n","protected":false},"author":2,"featured_media":0,"parent":0,"menu_order":0,"comment_status":"closed","ping_status":"closed","template":"","meta":[],"_links":{"self":[{"href":"https:\/\/sebtrotter.com\/index.php?rest_route=\/wp\/v2\/pages\/322"}],"collection":[{"href":"https:\/\/sebtrotter.com\/index.php?rest_route=\/wp\/v2\/pages"}],"about":[{"href":"https:\/\/sebtrotter.com\/index.php?rest_route=\/wp\/v2\/types\/page"}],"author":[{"embeddable":true,"href":"https:\/\/sebtrotter.com\/index.php?rest_route=\/wp\/v2\/users\/2"}],"replies":[{"embeddable":true,"href":"https:\/\/sebtrotter.com\/index.php?rest_route=%2Fwp%2Fv2%2Fcomments&post=322"}],"version-history":[{"count":0,"href":"https:\/\/sebtrotter.com\/index.php?rest_route=\/wp\/v2\/pages\/322\/revisions"}],"wp:attachment":[{"href":"https:\/\/sebtrotter.com\/index.php?rest_route=%2Fwp%2Fv2%2Fmedia&parent=322"}],"curies":[{"name":"wp","href":"https:\/\/api.w.org\/{rel}","templated":true}]}}