{"id":262,"date":"2018-10-05T19:51:45","date_gmt":"2018-10-05T19:51:45","guid":{"rendered":"http:\/\/sebtrotter.wixsite.com\/sebtrotter"},"modified":"2018-10-05T19:51:45","modified_gmt":"2018-10-05T19:51:45","slug":"accueil","status":"publish","type":"page","link":"https:\/\/sebtrotter.com\/?page_id=262","title":{"rendered":"Accueil"},"content":{"rendered":"<p><!-- ManyChat --><\/p>\n<h3>L&rsquo;Exp\u00e9rience au travers des voyages<\/h3>\n<p>SebTrotter,<\/p>\n<p>Simplement l&rsquo;envie de voyager et de d\u00e9couvrir de nouveaux horizons.<\/p>\n<p>Le faire c&rsquo;est bien, mais le faire partager c&rsquo;est mieux.<\/p>\n<p>D&rsquo;o\u00f9 ce site web qui n&rsquo;est qu&rsquo;un moyen d&rsquo;\u00e9change entre voyageurs ou simple curieux.<\/p>\n<p>&nbsp;<\/p>\n<p>Bonne visite et n&rsquo;h\u00e9sitez pas \u00e0 me laisser un petit mot.<\/p>\n<p>&nbsp;<\/p>\n","protected":false},"excerpt":{"rendered":"<p>L&rsquo;Exp\u00e9rience au travers des voyages SebTrotter, Simplement l&rsquo;envie de voyager et de d\u00e9couvrir de nouveaux horizons. Le faire c&rsquo;est bien, mais le faire partager c&rsquo;est mieux. D&rsquo;o\u00f9 ce site web qui n&rsquo;est qu&rsquo;un moyen d&rsquo;\u00e9change entre voyageurs ou simple curieux. &nbsp; Bonne visite et n&rsquo;h\u00e9sitez pas \u00e0 me laisser un petit mot. &nbsp;<\/p>\n","protected":false},"author":2,"featured_media":0,"parent":0,"menu_order":0,"comment_status":"closed","ping_status":"closed","template":"","meta":[],"_links":{"self":[{"href":"https:\/\/sebtrotter.com\/index.php?rest_route=\/wp\/v2\/pages\/262"}],"collection":[{"href":"https:\/\/sebtrotter.com\/index.php?rest_route=\/wp\/v2\/pages"}],"about":[{"href":"https:\/\/sebtrotter.com\/index.php?rest_route=\/wp\/v2\/types\/page"}],"author":[{"embeddable":true,"href":"https:\/\/sebtrotter.com\/index.php?rest_route=\/wp\/v2\/users\/2"}],"replies":[{"embeddable":true,"href":"https:\/\/sebtrotter.com\/index.php?rest_route=%2Fwp%2Fv2%2Fcomments&post=262"}],"version-history":[{"count":0,"href":"https:\/\/sebtrotter.com\/index.php?rest_route=\/wp\/v2\/pages\/262\/revisions"}],"wp:attachment":[{"href":"https:\/\/sebtrotter.com\/index.php?rest_route=%2Fwp%2Fv2%2Fmedia&parent=262"}],"curies":[{"name":"wp","href":"https:\/\/api.w.org\/{rel}","templated":true}]}}