{"id":192,"date":"2018-10-05T19:51:45","date_gmt":"2018-10-05T19:51:45","guid":{"rendered":"http:\/\/sebtrotter.wixsite.com\/sebtrotter\/ouganda"},"modified":"2018-10-05T19:51:45","modified_gmt":"2018-10-05T19:51:45","slug":"ouganda","status":"publish","type":"page","link":"https:\/\/sebtrotter.com\/?page_id=192","title":{"rendered":"Ouganda"},"content":{"rendered":"<p style=\"font-size:14px;\"><strong><span style=\"text-decoration:underline;\"><span style=\"font-size:18px;\">L&rsquo;OUGANDA <\/span><\/span><\/strong>est un pays d&rsquo;Afrique de l&rsquo;Est. Il est aussi consid\u00e9r\u00e9 comme faisant partie de l&rsquo;Afrique des Grands Lacs. Il est entour\u00e9 par la R\u00e9publique d\u00e9mocratique du Congo, le Kenya, leRwanda, le Soudan du Sud et la Tanzanie. Le Sud du pays englobe une vaste partie du lac Victoria. L&rsquo;Ouganda tire son nom de l&rsquo;ancien royaume de Buganda, qui couvrait autrefois les r\u00e9gions les plus au sud, dont la capitale et plus grande ville est Kampala.<\/p>\n<p style=\"font-size:14px;\"><span style=\"font-size:14px;\">A Kampala je suis descendu au G<a rel=\"noopener noreferrer\" target=\"_blank\" href=\"http:\/\/www.imperialhotels.co.ug\/grandimperialoverview.html\">rand Imperial hotel<\/a> <\/span><\/p>\n<p style=\"font-size:14px;\"><span style=\"font-size:14px;\">C&rsquo;est s\u00fbr que ce n&rsquo;est pas le SERENA ou le SHERATON mais il est en plein centre et pas tr\u00e9s cher pour la qualit\u00e9 du service. <\/span><\/p>\n<p style=\"font-size:14px;\"><span style=\"font-size:14px;\">Pour les activit\u00e9s il y a le rafting sur le Nil: <\/span><span style=\"font-size:14px;\">c&rsquo;est par l\u00e0 que \u00e7a se passe : <a rel=\"noopener noreferrer\" target=\"_blank\" href=\"http:\/\/www.nalubalerafting.com\/\">http:\/\/www.nalubalerafting.com\/<\/a><\/span><\/p>\n<p style=\"font-size:14px;\"><span style=\"font-size:14px;\">Une super \u00e9quipe, la possibilit\u00e9 d&rsquo;avoir un DVD de la journ\u00e9e le soir m\u00eame. <\/span><\/p>\n<p style=\"font-size:14px;\"><span style=\"font-size:14px;\">Une seul mot G\u00e9nial.<\/span><\/p>\n<p><a role=\"button\" class=\"button\" href=\"?p=232\">Lac Victoria<\/a><br \/>\n<a role=\"button\" class=\"button\" href=\"?p=332\">Equateur<\/a><br \/>\n<a role=\"button\" class=\"button\" href=\"?p=1202\">Kampala<\/a><br \/>\n<a role=\"button\" class=\"button\" href=\"?p=272\">Safari<\/a><br \/>\n<a role=\"button\" class=\"button\" href=\"?p=712\">Jinja Rafting<\/a><br \/>\n<a role=\"button\" class=\"button\" href=\"?p=262\">Retour<\/a><\/p>\n","protected":false},"excerpt":{"rendered":"<p>L&rsquo;OUGANDA est un pays d&rsquo;Afrique de l&rsquo;Est. Il est aussi consid\u00e9r\u00e9 comme faisant partie de l&rsquo;Afrique des Grands Lacs. Il est entour\u00e9 par la R\u00e9publique d\u00e9mocratique du Congo, le Kenya, leRwanda, le Soudan du Sud et la Tanzanie. Le Sud du pays englobe une vaste partie du lac Victoria. L&rsquo;Ouganda tire son nom de l&rsquo;ancien [&hellip;]<\/p>\n","protected":false},"author":2,"featured_media":0,"parent":0,"menu_order":0,"comment_status":"closed","ping_status":"closed","template":"","meta":[],"_links":{"self":[{"href":"https:\/\/sebtrotter.com\/index.php?rest_route=\/wp\/v2\/pages\/192"}],"collection":[{"href":"https:\/\/sebtrotter.com\/index.php?rest_route=\/wp\/v2\/pages"}],"about":[{"href":"https:\/\/sebtrotter.com\/index.php?rest_route=\/wp\/v2\/types\/page"}],"author":[{"embeddable":true,"href":"https:\/\/sebtrotter.com\/index.php?rest_route=\/wp\/v2\/users\/2"}],"replies":[{"embeddable":true,"href":"https:\/\/sebtrotter.com\/index.php?rest_route=%2Fwp%2Fv2%2Fcomments&post=192"}],"version-history":[{"count":0,"href":"https:\/\/sebtrotter.com\/index.php?rest_route=\/wp\/v2\/pages\/192\/revisions"}],"wp:attachment":[{"href":"https:\/\/sebtrotter.com\/index.php?rest_route=%2Fwp%2Fv2%2Fmedia&parent=192"}],"curies":[{"name":"wp","href":"https:\/\/api.w.org\/{rel}","templated":true}]}}