{"id":172,"date":"2018-10-05T19:51:45","date_gmt":"2018-10-05T19:51:45","guid":{"rendered":"http:\/\/sebtrotter.wixsite.com\/sebtrotter\/mont-st-michel"},"modified":"2018-10-05T19:51:45","modified_gmt":"2018-10-05T19:51:45","slug":"mont-st-michel","status":"publish","type":"page","link":"https:\/\/sebtrotter.com\/?page_id=172","title":{"rendered":"Mont St Michel"},"content":{"rendered":"<div id='gallery-1' class='gallery galleryid-172 gallery-columns-3 gallery-size-thumbnail'><figure class='gallery-item'>\n\t\t\t<div class='gallery-icon landscape'>\n\t\t\t\t<a href='https:\/\/sebtrotter.com\/?attachment_id=1492'><img width=\"150\" height=\"150\" src=\"https:\/\/sebtrotter.com\/wp-content\/uploads\/2018\/10\/2cb517_ed1ae1460a004e13b1d2430be88cd5c6-150x150.jpg\" class=\"attachment-thumbnail size-thumbnail\" alt=\"\" loading=\"lazy\" \/><\/a>\n\t\t\t<\/div><\/figure><figure class='gallery-item'>\n\t\t\t<div class='gallery-icon portrait'>\n\t\t\t\t<a href='https:\/\/sebtrotter.com\/?attachment_id=1502'><img width=\"150\" height=\"150\" src=\"https:\/\/sebtrotter.com\/wp-content\/uploads\/2018\/10\/2cb517_f4b38468a8bc43ad9214b293c08035d5-150x150.jpg\" class=\"attachment-thumbnail size-thumbnail\" alt=\"\" loading=\"lazy\" \/><\/a>\n\t\t\t<\/div><\/figure><figure class='gallery-item'>\n\t\t\t<div class='gallery-icon landscape'>\n\t\t\t\t<a href='https:\/\/sebtrotter.com\/?attachment_id=1512'><img width=\"150\" height=\"150\" src=\"https:\/\/sebtrotter.com\/wp-content\/uploads\/2018\/10\/2cb517_1a825d9034ab48c192d5bb94d9eb5e4a-150x150.jpg\" class=\"attachment-thumbnail size-thumbnail\" alt=\"\" loading=\"lazy\" \/><\/a>\n\t\t\t<\/div><\/figure><figure class='gallery-item'>\n\t\t\t<div class='gallery-icon portrait'>\n\t\t\t\t<a href='https:\/\/sebtrotter.com\/?attachment_id=1522'><img width=\"150\" height=\"150\" src=\"https:\/\/sebtrotter.com\/wp-content\/uploads\/2018\/10\/2cb517_50e011ca915d42aa8e79379b96814c23-150x150.jpg\" class=\"attachment-thumbnail size-thumbnail\" alt=\"\" loading=\"lazy\" \/><\/a>\n\t\t\t<\/div><\/figure><figure class='gallery-item'>\n\t\t\t<div class='gallery-icon portrait'>\n\t\t\t\t<a href='https:\/\/sebtrotter.com\/?attachment_id=1532'><img width=\"150\" height=\"150\" src=\"https:\/\/sebtrotter.com\/wp-content\/uploads\/2018\/10\/2cb517_b785ea0914ca4400aac6dadd87625dfe-150x150.jpg\" class=\"attachment-thumbnail size-thumbnail\" alt=\"\" loading=\"lazy\" \/><\/a>\n\t\t\t<\/div><\/figure><figure class='gallery-item'>\n\t\t\t<div class='gallery-icon landscape'>\n\t\t\t\t<a href='https:\/\/sebtrotter.com\/?attachment_id=1542'><img width=\"150\" height=\"150\" src=\"https:\/\/sebtrotter.com\/wp-content\/uploads\/2018\/10\/2cb517_414b35f7187245be9462e2f4e5d8d07c-150x150.jpg\" class=\"attachment-thumbnail size-thumbnail\" alt=\"\" loading=\"lazy\" \/><\/a>\n\t\t\t<\/div><\/figure><figure class='gallery-item'>\n\t\t\t<div class='gallery-icon portrait'>\n\t\t\t\t<a href='https:\/\/sebtrotter.com\/?attachment_id=1552'><img width=\"150\" height=\"150\" src=\"https:\/\/sebtrotter.com\/wp-content\/uploads\/2018\/10\/2cb517_3981be3f230144c78870ddb80842ca8f-150x150.jpg\" class=\"attachment-thumbnail size-thumbnail\" alt=\"\" loading=\"lazy\" \/><\/a>\n\t\t\t<\/div><\/figure>\n\t\t<\/div>\n\n<p>Le Mont-Saint-Michel est une commune fran\u00e7aise situ\u00e9e dans le d\u00e9partement de la Manche en Normandie qui tire son nom d\u2019un \u00eelot rocheux consacr\u00e9 \u00e0 saint Michel o\u00f9 s\u2019\u00e9l\u00e8ve aujourd\u2019hui l\u2019abbaye du Mont-Saint-Michel.<\/p>\n<p>L\u2019architecture du Mont-Saint-Michel et sa baie en font le site touristique le plus fr\u00e9quent\u00e9 de Normandie et l&rsquo;un des dix plus fr\u00e9quent\u00e9s en France et m\u00eame le premier des sites apr\u00e8s ceux d&rsquo;\u00cele-de-France avec pr\u00e8s de deux millions et demi de visiteurs chaque ann\u00e9e (3 250 000 en 2006, 2 300 000 en 2014). Une statue de saint Michel plac\u00e9e au sommet de l\u2019\u00e9glise abbatiale culmine \u00e0 170 m\u00e8tres au-dessus du rivage. \u00c9l\u00e9ment majeur, l&rsquo;abbaye et ses d\u00e9pendances sont class\u00e9es au titre des monuments historiques par la liste de 1862 (60 autres constructions \u00e9tant prot\u00e9g\u00e9es par la suite) ; la commune et la baie figurent depuis 1979 sur la liste du patrimoine mondial de l\u2019UNESCO.<\/p>\n<p>En 2013, la commune comptait 41 habitants, appel\u00e9s les Montois.<\/p>\n<p><a class=\"button\" role=\"button\" href=\"?p=1032\">Retour<\/a><\/p>\n","protected":false},"excerpt":{"rendered":"<p>Le Mont-Saint-Michel est une commune fran\u00e7aise situ\u00e9e dans le d\u00e9partement de la Manche en Normandie qui tire son nom d\u2019un \u00eelot rocheux consacr\u00e9 \u00e0 saint Michel o\u00f9 s\u2019\u00e9l\u00e8ve aujourd\u2019hui l\u2019abbaye du Mont-Saint-Michel. L\u2019architecture du Mont-Saint-Michel et sa baie en font le site touristique le plus fr\u00e9quent\u00e9 de Normandie et l&rsquo;un des dix plus fr\u00e9quent\u00e9s en [&hellip;]<\/p>\n","protected":false},"author":2,"featured_media":0,"parent":1032,"menu_order":0,"comment_status":"closed","ping_status":"closed","template":"","meta":[],"_links":{"self":[{"href":"https:\/\/sebtrotter.com\/index.php?rest_route=\/wp\/v2\/pages\/172"}],"collection":[{"href":"https:\/\/sebtrotter.com\/index.php?rest_route=\/wp\/v2\/pages"}],"about":[{"href":"https:\/\/sebtrotter.com\/index.php?rest_route=\/wp\/v2\/types\/page"}],"author":[{"embeddable":true,"href":"https:\/\/sebtrotter.com\/index.php?rest_route=\/wp\/v2\/users\/2"}],"replies":[{"embeddable":true,"href":"https:\/\/sebtrotter.com\/index.php?rest_route=%2Fwp%2Fv2%2Fcomments&post=172"}],"version-history":[{"count":0,"href":"https:\/\/sebtrotter.com\/index.php?rest_route=\/wp\/v2\/pages\/172\/revisions"}],"up":[{"embeddable":true,"href":"https:\/\/sebtrotter.com\/index.php?rest_route=\/wp\/v2\/pages\/1032"}],"wp:attachment":[{"href":"https:\/\/sebtrotter.com\/index.php?rest_route=%2Fwp%2Fv2%2Fmedia&parent=172"}],"curies":[{"name":"wp","href":"https:\/\/api.w.org\/{rel}","templated":true}]}}