{"id":1202,"date":"2018-10-05T19:51:45","date_gmt":"2018-10-05T19:51:45","guid":{"rendered":"http:\/\/sebtrotter.wixsite.com\/sebtrotter\/kampala"},"modified":"2018-10-05T19:51:45","modified_gmt":"2018-10-05T19:51:45","slug":"kampala","status":"publish","type":"page","link":"https:\/\/sebtrotter.com\/?page_id=1202","title":{"rendered":"Kampala"},"content":{"rendered":"<h1>Kampala<\/h1>\n\n<p>Avant l&rsquo;arriv\u00e9e des britanniques, le roi du Buganda, le Kabaka, avait choisi la r\u00e9gion qui deviendrait Kampala comme son terrain de chasse favori. La zone \u00e9tait compos\u00e9e de nombreuses collines et de mar\u00e9cages. Ce terrain abritait de nombreuses vari\u00e9t\u00e9s d&rsquo;antilopes, dont l&rsquo;impala.<\/p>\n<p>\u00c0 leur arriv\u00e9e, les Britanniques renomm\u00e8rent la r\u00e9gion en collines d&rsquo;Impala. La d\u00e9rivation en langage bugandais donnaKasozi Ka Mpala (Kasozi ka signifiant colline de),Ka Mpala ressemblant \u00e0 un seul mot \u00e0 l&rsquo;oreille. Quand le roi allait chasser, les Bugandais disaient Kabaka a&rsquo;genze e Ka&rsquo;mpala (Le Kabaka est parti \u00e0 Ka&rsquo;mpala). Le nom de Kampala \u00e9tait apparu.<\/p>\n<p>Kampala a grandi comme la capitale du royaume bugandais, dont beaucoup de b\u00e2timents survivent encore, tels lestombes Kasubi (construites en 1881), le parlement bugandais, la cour de justice bugandaise et l&#8217;emplacement du couronnement de Naggalabi Buddo.<\/p>\n<p>En 1962, Kampala prit la place d&rsquo;Entebbe en qualit\u00e9 de capitale du pays. La plus grande partie de la ville fut d\u00e9truite apr\u00e8s la guerre contre la Tanzanie en 1978, puis par le renversement de la dictature d&rsquo;Idi Amin Dada en 1979 et la guerre civile qui s&rsquo;en suivit. La ville fut alors reconstruite sur des bases plus saines.<\/p>\n<p>La ville de Kampala est c\u00e9l\u00e8bre pour \u00eatre la ville connaissant le plus grand nombre d&rsquo;orages par an (242 en moyenne)<\/p>\n<p><a class=\"button\" role=\"button\" href=\"?p=192\">Retour<\/a><\/p>\n","protected":false},"excerpt":{"rendered":"<p>Kampala Avant l&rsquo;arriv\u00e9e des britanniques, le roi du Buganda, le Kabaka, avait choisi la r\u00e9gion qui deviendrait Kampala comme son terrain de chasse favori. La zone \u00e9tait compos\u00e9e de nombreuses collines et de mar\u00e9cages. Ce terrain abritait de nombreuses vari\u00e9t\u00e9s d&rsquo;antilopes, dont l&rsquo;impala. \u00c0 leur arriv\u00e9e, les Britanniques renomm\u00e8rent la r\u00e9gion en collines d&rsquo;Impala. La [&hellip;]<\/p>\n","protected":false},"author":2,"featured_media":0,"parent":192,"menu_order":0,"comment_status":"closed","ping_status":"closed","template":"","meta":[],"_links":{"self":[{"href":"https:\/\/sebtrotter.com\/index.php?rest_route=\/wp\/v2\/pages\/1202"}],"collection":[{"href":"https:\/\/sebtrotter.com\/index.php?rest_route=\/wp\/v2\/pages"}],"about":[{"href":"https:\/\/sebtrotter.com\/index.php?rest_route=\/wp\/v2\/types\/page"}],"author":[{"embeddable":true,"href":"https:\/\/sebtrotter.com\/index.php?rest_route=\/wp\/v2\/users\/2"}],"replies":[{"embeddable":true,"href":"https:\/\/sebtrotter.com\/index.php?rest_route=%2Fwp%2Fv2%2Fcomments&post=1202"}],"version-history":[{"count":0,"href":"https:\/\/sebtrotter.com\/index.php?rest_route=\/wp\/v2\/pages\/1202\/revisions"}],"up":[{"embeddable":true,"href":"https:\/\/sebtrotter.com\/index.php?rest_route=\/wp\/v2\/pages\/192"}],"wp:attachment":[{"href":"https:\/\/sebtrotter.com\/index.php?rest_route=%2Fwp%2Fv2%2Fmedia&parent=1202"}],"curies":[{"name":"wp","href":"https:\/\/api.w.org\/{rel}","templated":true}]}}