{"id":1082,"date":"2018-10-05T19:51:45","date_gmt":"2018-10-05T19:51:45","guid":{"rendered":"http:\/\/sebtrotter.wixsite.com\/sebtrotter\/pont-du-gard"},"modified":"2018-10-05T19:51:45","modified_gmt":"2018-10-05T19:51:45","slug":"pont-du-gard","status":"publish","type":"page","link":"https:\/\/sebtrotter.com\/?page_id=1082","title":{"rendered":"Pont du Gard"},"content":{"rendered":"<h1><span style=\"text-decoration:underline;\">Pont Du Gard<\/span><\/h1>\n\n<p><a href=\"http:\/\/www.pontdugard.fr\/fr\" target=\"_blank\" rel=\"noopener noreferrer\">Pont du Gard<\/a><\/p>\n<p>Le pont du Gard est un pont-aqueduc romain \u00e0 trois niveaux, situ\u00e9 \u00e0 Vers-Pont-du-Gard entre Uz\u00e8s et N\u00eemes, dans le d\u00e9partement du Gard (France). Il enjambe le Gardon, ou Gard. Probablement b\u00e2ti dans la premi\u00e8re moiti\u00e9 du ier si\u00e8cle, il assurait la continuit\u00e9 de l&rsquo;aqueduc romain qui conduisait l\u2019eau d\u2019Uz\u00e8s \u00e0 N\u00eemes. D&rsquo;apr\u00e8s les derni\u00e8res recherches, il aurait cess\u00e9 d&rsquo;\u00eatre utilis\u00e9 au d\u00e9but du vie si\u00e8cle.<\/p>\n<p>Au Moyen \u00c2ge, les piles du second \u00e9tage furent \u00e9chancr\u00e9es et l&rsquo;ouvrage fut utilis\u00e9 comme pont routier. L&rsquo;architecture exceptionnelle du pont du Gard attira l&rsquo;attention d\u00e8s le xvie si\u00e8cle, qui d\u00e8s lors b\u00e9n\u00e9ficia de restaurations r\u00e9guli\u00e8res destin\u00e9es \u00e0 pr\u00e9server son int\u00e9grit\u00e9. Un pont routier lui fut accol\u00e9 en 1743-1747. Plus haut pont-aqueduc connu du monde romain, il fait l&rsquo;objet d&rsquo;un classement au titre des monuments historiques par la liste de 1840 et a \u00e9t\u00e9 inscrit sur la liste du patrimoine mondial de l&rsquo;Unesco en d\u00e9cembre 1985<\/p>\n<p><a class=\"button\" role=\"button\" href=\"?p=1032\">RETOUR<\/a><\/p>\n","protected":false},"excerpt":{"rendered":"<p>Pont Du Gard Pont du Gard Le pont du Gard est un pont-aqueduc romain \u00e0 trois niveaux, situ\u00e9 \u00e0 Vers-Pont-du-Gard entre Uz\u00e8s et N\u00eemes, dans le d\u00e9partement du Gard (France). Il enjambe le Gardon, ou Gard. Probablement b\u00e2ti dans la premi\u00e8re moiti\u00e9 du ier si\u00e8cle, il assurait la continuit\u00e9 de l&rsquo;aqueduc romain qui conduisait l\u2019eau [&hellip;]<\/p>\n","protected":false},"author":2,"featured_media":0,"parent":1032,"menu_order":0,"comment_status":"closed","ping_status":"closed","template":"","meta":[],"_links":{"self":[{"href":"https:\/\/sebtrotter.com\/index.php?rest_route=\/wp\/v2\/pages\/1082"}],"collection":[{"href":"https:\/\/sebtrotter.com\/index.php?rest_route=\/wp\/v2\/pages"}],"about":[{"href":"https:\/\/sebtrotter.com\/index.php?rest_route=\/wp\/v2\/types\/page"}],"author":[{"embeddable":true,"href":"https:\/\/sebtrotter.com\/index.php?rest_route=\/wp\/v2\/users\/2"}],"replies":[{"embeddable":true,"href":"https:\/\/sebtrotter.com\/index.php?rest_route=%2Fwp%2Fv2%2Fcomments&post=1082"}],"version-history":[{"count":0,"href":"https:\/\/sebtrotter.com\/index.php?rest_route=\/wp\/v2\/pages\/1082\/revisions"}],"up":[{"embeddable":true,"href":"https:\/\/sebtrotter.com\/index.php?rest_route=\/wp\/v2\/pages\/1032"}],"wp:attachment":[{"href":"https:\/\/sebtrotter.com\/index.php?rest_route=%2Fwp%2Fv2%2Fmedia&parent=1082"}],"curies":[{"name":"wp","href":"https:\/\/api.w.org\/{rel}","templated":true}]}}